 = 5*l - 4*l - 5. Calculate the remainder when l/(-15)*(-82 + 1) is divided by 1*6/(-9)*-21.
13
Let t(h) = -h**3 - 3*h**2 + h + 27. Suppose -2*p + 3*p = 33. What is the remainder when t(-6) is divided by p?
30
Suppose -35*q = -42*q + 567. Calculate the remainder when q is divided by 21.
18
Let n = -880 + 931. Calculate the remainder when 139 is divided by n.
37
Suppose 3*c + 3*t + 9 = 213, 3*c - 2*t = 179. Calculate the remainder when c is divided by (0 + 1)/(1/33).
30
Suppose 312 = 4*r - 2*f, 3*r - 46 - 214 = -5*f. What is the remainder when r is divided by 17?
12
Let x(h) = 5*h**2 + 4*h + 1. Suppose 19*g - 6 = -3*p + 14*g, 0 = -5*p - 4*g + 23. Calculate the remainder when x(-3) is divided by p.
6
Suppose -5*c - 114*x + 130 = -110*x, 5*c = -5*x + 135. Let d(i) = -6*i**2 + 12 - i - i**3 - 4*i**2 - 2*i. What is the remainder when d(-10) is divided by c?
20
Let f(a) = -a + 51. What is the remainder when f(-12) is divided by 16?
15
Let h(w) = 13*w**3 + 6*w**2 - 5*w + 5. Let v(t) = t**2 - t + 1. Let b(c) = -h(c) + 4*v(c). What is the remainder when b(-2) is divided by 48?
45
Let d(z) = 3*z**2 - 8*z + 2. Let o(h) = 30*h**2 + 11*h - 9. Calculate the remainder when d(-6) is divided by o(1).
30
Suppose 3*k - 4*w = 50, 4*k - 4*w - 77 = -13. What is the remainder when 63 is divided by k?
7
Let s(b) = -2*b + 1. Suppose 2 - 4 = j. Let h be s(j). Suppose 4*k - 129 = -3*z + 2*z, -140 = -h*k + 3*z. What is the remainder when k is divided by 17?
14
Suppose 3*v + 0*v - 15 = 0. Suppose 159 = v*h - 56. Let g = 29 - 6. What is the remainder when h is divided by g?
20
Let l(q) = -20*q + 3. Let h be l(-4). Suppose 2*g + h = 2*m + 23, 4*g = -20. Suppose -4*w + 35 = -m. What is the remainder when 27 is divided by w?
12
Let n = -21 + 19. Let u(s) = -8*s - 2. Let o be u(n). Suppose 3*i - 16 = o. What is the remainder when i is divided by 6?
4
Let m(i) = -i - 5. Let c be m(15). What is the remainder when 183 is divided by 296/(-2)*(-9 - 175/c)?
35
Let m(s) = -s + 40. What is the remainder when 15 is divided by m(36)?
3
Suppose 4*a + 10 = -0*a + 5*v, 2 = v. Suppose a*k = -5*k. Suppose k = 4*h - 5 - 163. What is the remainder when h is divided by 11?
9
Suppose 828*h = 826*h + 20. Calculate the remainder when 149/4 + 1/(-4) is divided by h.
7
Let r(x) = -7*x + 23. What is the remainder when r(-6) is divided by 17?
14
Let n(w) = 2*w**2 + 5*w + 8. Let q = 1 + -5. Calculate the remainder when (-230)/(-6) + (-9)/((-108)/8) is divided by n(q).
19
Suppose 0 = 4*o + 5*n - 68, -n + 37 = 4*o - 15. Let f(c) = -11*c - 4*c + o*c - 7. Calculate the remainder when 41 is divided by f(-6).
8
Let d be 15/(-25) + (-69)/(-15). Suppose d*x - 51 = 3*s, 0 = 4*s + 2*x + 60 - 14. Let j = s - -23. Calculate the remainder when 37 is divided by j.
7
Let t = 77 + -10. Calculate the remainder when 332 is divided by t.
64
Let l(n) = n**2 - 25*n + 20. Calculate the remainder when 171 is divided by l(25).
11
Let b(h) = h + 22. Suppose 11*t = -5*t + 240. Calculate the remainder when t is divided by b(-14).
7
Let q = -152 - -177. Calculate the remainder when q is divided by 21.
4
Suppose 2*a - w = 1 + 10, -3*a + 34 = 2*w. Suppose -3*p + a = -p. Calculate the remainder when (-1 + -1)*(-2 + 0) is divided by p.
0
Suppose 0 = -z + 5*z + u - 73, -5*z = -3*u - 87. Calculate the remainder when -1*3/2*1278/(-27) is divided by (72/(-10))/(z/(-60)).
23
Let c = 67 - 69. What is the remainder when c/(-8) + (-54)/24 + 17 is divided by 8?
7
Suppose k = -2*c + 71, -49 = -c - 0*c + 4*k. Suppose -6 = 2*q + v + 4, -47 = 5*q - 3*v. Let l = 3 - q. What is the remainder when c is divided by l?
7
Suppose -8 = -12*k + 14*k. What is the remainder when 187 is divided by 9/(-2)*(k + -2)?
25
Let t be 114*((-3)/(-2) - 1). Let i = 85 - t. Calculate the remainder when 81 is divided by i.
25
Let s(b) = b**2 + 20*b + 44. Let f be s(-19). Suppose -99 = 16*x - f*x. Calculate the remainder when 29 is divided by x.
7
Calculate the remainder when 3 + 6 + -1 + 525 is divided by 67.
64
Suppose 37*m - 4194 = 31*m. What is the remainder when m is divided by 118?
109
Let u = 138 - 28. What is the remainder when u is divided by 46?
18
Let y(j) = j**2 - 18*j + 41. What is the remainder when 43 is divided by y(16)?
7
Suppose -12 - 3 = -3*t. Suppose o + 5*v + 11 = 0, -2*o + 7 = -o - v. Suppose 2*r + t*y = 21, 5*r - y - o*y = 105. What is the remainder when 69 is divided by r?
15
Suppose 20*o - 890 = -30. Calculate the remainder when o is divided by 69/(-6)*2*-1.
20
Let o be (-2 - -1)/(8/(-16)). Calculate the remainder when (-19)/(0 + o/(-4)) is divided by 10.
8
Suppose 16 = -5*c + c. Calculate the remainder when (-4)/((-8 - c)/32) is divided by 5.
2
Suppose 71 = 8*c - 185. What is the remainder when 91 is divided by c?
27
Let x(s) = -3*s**2 + 2 + 1 - 5 - s + 5*s**2. Let k be x(2). Suppose -m = m - k. Calculate the remainder when m is divided by 2.
0
Suppose 24 = 2*j + 8. Let y be (-12)/j - (-33)/(-2). Calculate the remainder when y/15*(-8 - -3) is divided by 4.
2
Let h(d) = d**2 - 2*d + 1. Let a = 24 + 17. Suppose -a = -j - 29. What is the remainder when j is divided by h(-2)?
3
Let p(o) = -11*o - 7. Let u(j) = -5*j - 3. Let z(x) = 3*p(x) - 5*u(x). What is the remainder when z(-2) is divided by (-40)/(-15)*6/4?
2
Suppose -4*r + 8 = 3*v - 106, -3*r = -2*v - 94. Calculate the remainder when 72 is divided by r.
12
Suppose -4*z - 79 = -191. What is the remainder when 50 is divided by z?
22
Suppose 2*a + 12 = -4*b, 2*b - 3*b = 4*a + 3. Suppose -5*q - 3*m + 205 = 2*m, -5*m - 25 = a. What is the remainder when q is divided by 10?
6
Let h = -28 + 32. Let u be (-24)/(-4) - (h + 0). Suppose 5*g - u*g = 87. Calculate the remainder when 84 is divided by g.
26
What is the remainder when 776 is divided by 9 - (-616)/(-72) - 1743/(-27)?
61
Suppose -3*q - 5 = -2*h - 0, -5*q + 3*h - 10 = 0. Let m(i) = -4 + i**2 + 2 - 6. Calculate the remainder when 84 is divided by m(q).
16
Let t = -15 - 13. Let b = t + 45. What is the remainder when b is divided by 4?
1
Suppose 0 = n - 10 - 9. Let g(d) = -d**3 - 22*d**2 - 41*d - 12. What is the remainder when n is divided by g(-20)?
3
Let x = -63 + 117. Let u(c) = -3*c + 12. Let q be u(5). Let m = 16 - q. What is the remainder when x is divided by m?
16
Let w = 2 + -2. Let o(l) = w*l + 12*l - 47 + 52 - 11*l**2 + l**3. Calculate the remainder when o(10) is divided by 14.
11
Let i = 11 - 18. Let x(n) = -n**3 - 8*n**2 - 8*n - 1. Let m be x(i). Suppose 5*g - 109 = -4*o, 4*o + m + 11 = g. Calculate the remainder when g is divided by 8.
5
Let h(w) = -w**3 - 4*w**2 + 5*w + 5. Let n be h(-5). Suppose n*l - 512 = 4*a, 2*l = -3*a + 229 - 38. What is the remainder when l is divided by 26?
22
Suppose -20*m + 132 = -9*m. What is the remainder when 57 is divided by m?
9
Let a = 171 + -160. Calculate the remainder when a is divided by 6.
5
Suppose -14*y + 378 = 13*y. Calculate the remainder when 475 is divided by y.
13
Let i = 3 + 12. Let k(f) be the second derivative of 2*f**3/3 + 2*f**2 + 2*f. Calculate the remainder when k(6) is divided by i.
13
What is the remainder when 2/13 - (-1485)/65 is divided by 22?
1
Let x be 3*4*55/30. Let i = -13 + x. What is the remainder when 14 is divided by i?
5
Let l(k) = k + 15. Suppose 1319 = 24*p - 1033. What is the remainder when p is divided by l(0)?
8
Suppose -5 + 15 = 2*m. Suppose -m = -2*u + 3. What is the remainder when -4*((-86)/8 + 9) is divided by u?
3
Suppose 0 = -3*c - 2*m + 121, 0 = -2*m + 5*m + 12. Calculate the remainder when 84 is divided by c.
41
Calculate the remainder when 116 is divided by (118/(-10))/((-12)/60).
57
Suppose 3*u - 28 = -u. Let y = u - -15. Suppose n = 2*n + 5*i + 7, 5*n = 3*i + 49. Calculate the remainder when y is divided by n.
6
Let h be ((-1)/1 + -1)/(33 - 34). Suppose 400 = 5*z + 5*w, -h*z = 3*z + w - 388. Calculate the remainder when z is divided by 20.
17
Let o(u) = 4*u - 18. Let w(h) = 7*h - 37. Let n(x) = 5*o(x) - 3*w(x). Calculate the remainder when 57 is divided by n(-9).
27
Suppose 0 = -9*r + 6*r + 105. Suppose 5*s = -0*s + r. What is the remainder when s is divided by 4?
3
Suppose 0 = -891*d + 892*d - 60. Let f = 35 + -14. What is the remainder when d is divided by f?
18
Let l = 468 + -431. What is the remainder when 57 is divided by l?
20
Suppose 1320 = 96*t